{"id":66,"date":"2020-12-07T15:46:24","date_gmt":"2020-12-07T15:46:24","guid":{"rendered":"https:\/\/naturheilpraxis-allensbach.de\/?page_id=66"},"modified":"2025-02-02T09:23:22","modified_gmt":"2025-02-02T09:23:22","slug":"fett-weg-ultraschall","status":"publish","type":"page","link":"https:\/\/naturheilpraxis-allensbach.de\/?page_id=66","title":{"rendered":"Hormon- und Stoffwechselanalyse mit Hautfaltenmessung"},"content":{"rendered":"\n<p>Keine Blutentnahme erforderlich!<\/p>\n\n\n\n<p>Gesund und nachhaltig abnehmen und Wohlbefinden steigern mit Hautfaltenmessung<\/p>\n\n\n\n<p>Hormone und Stoffwechsel entscheiden dar\u00fcber, an welchen K\u00f6rperzonen \u00fcbersch\u00fcssiges Fett im K\u00f6rper gelagert wird.<\/p>\n\n\n\n<p>Die Hautfaltendicke an den 7 Hauptk\u00f6rperzonen verr\u00e4t, welche Hormone im Ungleichgewicht sind und welcher Stoffwechseltyp vorliegt.<\/p>\n\n\n\n<p>Mit diesem Wissen wird ein optimales, individuelles Konzept zur Gewichtsreduktion und f\u00fcr allgemeines Wohlbefinden erstellt<\/p>\n\n\n\n<p>Analyse , Beratung und schrift. Konzeptausarbeitung: 119 Euro<\/p>\n","protected":false},"excerpt":{"rendered":"<p>Keine Blutentnahme erforderlich! Gesund und nachhaltig abnehmen und Wohlbefinden steigern mit Hautfaltenmessung Hormone und Stoffwechsel entscheiden dar\u00fcber, an welchen K\u00f6rperzonen \u00fcbersch\u00fcssiges Fett im K\u00f6rper gelagert wird. Die Hautfaltendicke an den 7 Hauptk\u00f6rperzonen verr\u00e4t, welche Hormone im Ungleichgewicht sind und welcher Stoffwechseltyp vorliegt. Mit diesem Wissen wird ein optimales, individuelles Konzept zur Gewichtsreduktion und f\u00fcr allgemeines [&hellip;]<\/p>\n","protected":false},"author":1,"featured_media":0,"parent":0,"menu_order":0,"comment_status":"closed","ping_status":"closed","template":"","meta":[],"_links":{"self":[{"href":"https:\/\/naturheilpraxis-allensbach.de\/index.php?rest_route=\/wp\/v2\/pages\/66"}],"collection":[{"href":"https:\/\/naturheilpraxis-allensbach.de\/index.php?rest_route=\/wp\/v2\/pages"}],"about":[{"href":"https:\/\/naturheilpraxis-allensbach.de\/index.php?rest_route=\/wp\/v2\/types\/page"}],"author":[{"embeddable":true,"href":"https:\/\/naturheilpraxis-allensbach.de\/index.php?rest_route=\/wp\/v2\/users\/1"}],"replies":[{"embeddable":true,"href":"https:\/\/naturheilpraxis-allensbach.de\/index.php?rest_route=%2Fwp%2Fv2%2Fcomments&post=66"}],"version-history":[{"count":4,"href":"https:\/\/naturheilpraxis-allensbach.de\/index.php?rest_route=\/wp\/v2\/pages\/66\/revisions"}],"predecessor-version":[{"id":216,"href":"https:\/\/naturheilpraxis-allensbach.de\/index.php?rest_route=\/wp\/v2\/pages\/66\/revisions\/216"}],"wp:attachment":[{"href":"https:\/\/naturheilpraxis-allensbach.de\/index.php?rest_route=%2Fwp%2Fv2%2Fmedia&parent=66"}],"curies":[{"name":"wp","href":"https:\/\/api.w.org\/{rel}","templated":true}]}}