{"id":62,"date":"2020-12-07T15:45:28","date_gmt":"2020-12-07T15:45:28","guid":{"rendered":"https:\/\/naturheilpraxis-allensbach.de\/?page_id=62"},"modified":"2021-01-02T12:15:50","modified_gmt":"2021-01-02T12:15:50","slug":"antifaltenbehandlung-radiofrequenz","status":"publish","type":"page","link":"https:\/\/naturheilpraxis-allensbach.de\/?page_id=62","title":{"rendered":"Antifaltenbehandlung mit Radiofrequenz"},"content":{"rendered":"\n<p>Ich behandle Ihre Falten mit Radiofrequenz.<\/p>\n\n\n\n<p>Das ist eine schmerzfreie, nichtinvasive und effektive Methode zur Faltenreduktion,<\/p>\n\n\n\n<p>Akne, &#8211; und Narbenbehandlung. Auch Fettp\u00f6lsterchen und Cellulite k\u00f6nnen reduziert werden<\/p>\n\n\n\n<p>Fragen Sie mich danach.<\/p>\n\n\n\n<p>Mit der Radiofrequenz wird durch eine thermische Wirkung die Kollagenproduktion in der Haut angeregt . Kollagen ist ma\u00dfgeblich f\u00fcr die Spannkraft der Haut durch Wasserspeicherung verantwortlich. Ebenso werden ganz kleine Mikroverletzungen in den unteren Hautschichten gesetzt &#8211; v\u00f6llig schmerzfrei, problemlos und unsichtbar- was zu einer vermehrten Durchblutung , Reparaturarbeiten in der Haut und wiederum zur Kollagenneubildung f\u00fchrt. H\u00e4ufig ist schon nach der ersten Behandlung ein \u201epralleres\u201c , frischeres Hautbild zu sehen , der eigentliche Effekt stellt sich aber erst nach mehreren Behandlungen und Wochen ein.<\/p>\n\n\n\n<p>Die Behandlung selbst ist wie eine angenehme, warme Gesichtsmassage , das Hyaluronserum wird durch die Wellen und die W\u00e4rme direkt in die Haut massiert und verst\u00e4rkt den Effekt . Empfohlen werden circa 5 Behandlungen , w\u00f6chentlich , danach h\u00e4lt das Ergebnis mehrere Monate an ( circa ein halbes Jahr ) viele Kunden kommen aber einmal im Monat um den Effekt zu konservieren.<\/p>\n\n\n\n<figure class=\"wp-block-image\"><img alt=\"\"\/><\/figure>\n","protected":false},"excerpt":{"rendered":"<p>Ich behandle Ihre Falten mit Radiofrequenz. Das ist eine schmerzfreie, nichtinvasive und effektive Methode zur Faltenreduktion, Akne, &#8211; und Narbenbehandlung. Auch Fettp\u00f6lsterchen und Cellulite k\u00f6nnen reduziert werden Fragen Sie mich danach. Mit der Radiofrequenz wird durch eine thermische Wirkung die Kollagenproduktion in der Haut angeregt . Kollagen ist ma\u00dfgeblich f\u00fcr die Spannkraft der Haut durch [&hellip;]<\/p>\n","protected":false},"author":1,"featured_media":0,"parent":0,"menu_order":0,"comment_status":"closed","ping_status":"closed","template":"","meta":[],"_links":{"self":[{"href":"https:\/\/naturheilpraxis-allensbach.de\/index.php?rest_route=\/wp\/v2\/pages\/62"}],"collection":[{"href":"https:\/\/naturheilpraxis-allensbach.de\/index.php?rest_route=\/wp\/v2\/pages"}],"about":[{"href":"https:\/\/naturheilpraxis-allensbach.de\/index.php?rest_route=\/wp\/v2\/types\/page"}],"author":[{"embeddable":true,"href":"https:\/\/naturheilpraxis-allensbach.de\/index.php?rest_route=\/wp\/v2\/users\/1"}],"replies":[{"embeddable":true,"href":"https:\/\/naturheilpraxis-allensbach.de\/index.php?rest_route=%2Fwp%2Fv2%2Fcomments&post=62"}],"version-history":[{"count":4,"href":"https:\/\/naturheilpraxis-allensbach.de\/index.php?rest_route=\/wp\/v2\/pages\/62\/revisions"}],"predecessor-version":[{"id":114,"href":"https:\/\/naturheilpraxis-allensbach.de\/index.php?rest_route=\/wp\/v2\/pages\/62\/revisions\/114"}],"wp:attachment":[{"href":"https:\/\/naturheilpraxis-allensbach.de\/index.php?rest_route=%2Fwp%2Fv2%2Fmedia&parent=62"}],"curies":[{"name":"wp","href":"https:\/\/api.w.org\/{rel}","templated":true}]}}