{"id":32,"date":"2020-12-07T15:33:35","date_gmt":"2020-12-07T15:33:35","guid":{"rendered":"https:\/\/naturheilpraxis-allensbach.de\/?page_id=32"},"modified":"2021-01-02T12:21:03","modified_gmt":"2021-01-02T12:21:03","slug":"klassische-homoeopathie","status":"publish","type":"page","link":"https:\/\/naturheilpraxis-allensbach.de\/?page_id=32","title":{"rendered":"Klassische Hom\u00f6opathie"},"content":{"rendered":"\n<p>Klassische Hom\u00f6opathie<\/p>\n\n\n\n<p>&#8222;\u00c4hnliches vermag durch \u00c4hnliches geheilt zu werden &#8222;. Auf diesem Prinzip beruht die Hom\u00f6opathie.<\/p>\n\n\n\n<p>Nach einer circa 1 1\/2 bis 2 st\u00fcndigen Anamnesesitzung werde ich das f\u00fcr Sie passendste hom\u00f6opathische Arzneimittel herausfinden und verschreiben. In engem Kontakt zueinander begleite ich Sie durch die hom\u00f6opathische Therapie.<\/p>\n\n\n\n<p>Ich arbeite nach den Regeln der klassischen Hom\u00f6opathie, wie sie vor mehr als 200 Jahren von dem deutschen Arzt Samuel Hahnemann festgelegt wurden.<\/p>\n\n\n\n<p>Die Hom\u00f6opathie kann bei allen psychischen und physischen Beschwerden hilfreich eingesetzt werden.<\/p>\n\n\n\n<p>Von A wie Allergien , K wie Kinderwunsch bis Z wie Zappelphillip.<\/p>\n\n\n\n<figure class=\"wp-block-embed\"><div class=\"wp-block-embed__wrapper\">\nhttps:\/\/www.deutsche-apotheker-zeitung.de\/daz-az\/2005\/daz-41-2005\/uid-14730\n<\/div><\/figure>\n","protected":false},"excerpt":{"rendered":"<p>Klassische Hom\u00f6opathie &#8222;\u00c4hnliches vermag durch \u00c4hnliches geheilt zu werden &#8222;. Auf diesem Prinzip beruht die Hom\u00f6opathie. Nach einer circa 1 1\/2 bis 2 st\u00fcndigen Anamnesesitzung werde ich das f\u00fcr Sie passendste hom\u00f6opathische Arzneimittel herausfinden und verschreiben. In engem Kontakt zueinander begleite ich Sie durch die hom\u00f6opathische Therapie. Ich arbeite nach den Regeln der klassischen Hom\u00f6opathie, [&hellip;]<\/p>\n","protected":false},"author":1,"featured_media":0,"parent":0,"menu_order":0,"comment_status":"closed","ping_status":"closed","template":"","meta":[],"_links":{"self":[{"href":"https:\/\/naturheilpraxis-allensbach.de\/index.php?rest_route=\/wp\/v2\/pages\/32"}],"collection":[{"href":"https:\/\/naturheilpraxis-allensbach.de\/index.php?rest_route=\/wp\/v2\/pages"}],"about":[{"href":"https:\/\/naturheilpraxis-allensbach.de\/index.php?rest_route=\/wp\/v2\/types\/page"}],"author":[{"embeddable":true,"href":"https:\/\/naturheilpraxis-allensbach.de\/index.php?rest_route=\/wp\/v2\/users\/1"}],"replies":[{"embeddable":true,"href":"https:\/\/naturheilpraxis-allensbach.de\/index.php?rest_route=%2Fwp%2Fv2%2Fcomments&post=32"}],"version-history":[{"count":2,"href":"https:\/\/naturheilpraxis-allensbach.de\/index.php?rest_route=\/wp\/v2\/pages\/32\/revisions"}],"predecessor-version":[{"id":119,"href":"https:\/\/naturheilpraxis-allensbach.de\/index.php?rest_route=\/wp\/v2\/pages\/32\/revisions\/119"}],"wp:attachment":[{"href":"https:\/\/naturheilpraxis-allensbach.de\/index.php?rest_route=%2Fwp%2Fv2%2Fmedia&parent=32"}],"curies":[{"name":"wp","href":"https:\/\/api.w.org\/{rel}","templated":true}]}}