{"id":19,"date":"2020-12-07T15:14:05","date_gmt":"2020-12-07T15:14:05","guid":{"rendered":"https:\/\/naturheilpraxis-allensbach.de\/?page_id=19"},"modified":"2025-02-02T09:02:10","modified_gmt":"2025-02-02T09:02:10","slug":"fasziendehnung","status":"publish","type":"page","link":"https:\/\/naturheilpraxis-allensbach.de\/?page_id=19","title":{"rendered":"Fasziendehnungskurse nach Liebscher und Bracht"},"content":{"rendered":"\n<p><strong>Fasziendehnung von Kopf bis Fu\u00df nach Liebscher und Bracht\u00a0\u00a0<\/strong><\/p>\n\n\n\n<p><br>M\u00f6chten Sie auch :\u00a0<br>-mehr Beweglichkeit und Flexibilit\u00e4t?<\/p>\n\n\n\n<p>-Verspannungen l\u00f6sen ?-mehr Muskelkraft?<\/p>\n\n\n\n<p>-Ihre K\u00f6rperhaltung verbessern?<\/p>\n\n\n\n<p>-einen strafferen K\u00f6rper?<\/p>\n\n\n\n<p>-Schmerzen vorbeugen, lindern oder loswerden ?<\/p>\n\n\n\n<p>1 mal \/ Woche 1 &#8211; 1,5  Std Fasziendehnung von Kopf bis Fu\u00df , Kr\u00e4ftigungs\u00fcbungen und Faszienrollmassage nach Liebscher und Bracht <\/p>\n\n\n\n<p>8 Termine zu 100 Euro in einem laufenden Kurs  (Zeiten bitte erfragen) in kleiner Gruppe<\/p>\n\n\n\n<p>4 Termine im Einzeltraining (Termine nach Wunsch) 110 Euro<\/p>\n\n\n\n<p>4 Termine im Paar\/Freundetraining (Termine nach Wunsch) 79 Euro pro Person<\/p>\n","protected":false},"excerpt":{"rendered":"<p>Fasziendehnung von Kopf bis Fu\u00df nach Liebscher und Bracht\u00a0\u00a0 M\u00f6chten Sie auch :\u00a0-mehr Beweglichkeit und Flexibilit\u00e4t? -Verspannungen l\u00f6sen ?-mehr Muskelkraft? -Ihre K\u00f6rperhaltung verbessern? -einen strafferen K\u00f6rper? -Schmerzen vorbeugen, lindern oder loswerden ? 1 mal \/ Woche 1 &#8211; 1,5 Std Fasziendehnung von Kopf bis Fu\u00df , Kr\u00e4ftigungs\u00fcbungen und Faszienrollmassage nach Liebscher und Bracht 8 Termine [&hellip;]<\/p>\n","protected":false},"author":1,"featured_media":0,"parent":0,"menu_order":0,"comment_status":"closed","ping_status":"closed","template":"","meta":[],"_links":{"self":[{"href":"https:\/\/naturheilpraxis-allensbach.de\/index.php?rest_route=\/wp\/v2\/pages\/19"}],"collection":[{"href":"https:\/\/naturheilpraxis-allensbach.de\/index.php?rest_route=\/wp\/v2\/pages"}],"about":[{"href":"https:\/\/naturheilpraxis-allensbach.de\/index.php?rest_route=\/wp\/v2\/types\/page"}],"author":[{"embeddable":true,"href":"https:\/\/naturheilpraxis-allensbach.de\/index.php?rest_route=\/wp\/v2\/users\/1"}],"replies":[{"embeddable":true,"href":"https:\/\/naturheilpraxis-allensbach.de\/index.php?rest_route=%2Fwp%2Fv2%2Fcomments&post=19"}],"version-history":[{"count":4,"href":"https:\/\/naturheilpraxis-allensbach.de\/index.php?rest_route=\/wp\/v2\/pages\/19\/revisions"}],"predecessor-version":[{"id":211,"href":"https:\/\/naturheilpraxis-allensbach.de\/index.php?rest_route=\/wp\/v2\/pages\/19\/revisions\/211"}],"wp:attachment":[{"href":"https:\/\/naturheilpraxis-allensbach.de\/index.php?rest_route=%2Fwp%2Fv2%2Fmedia&parent=19"}],"curies":[{"name":"wp","href":"https:\/\/api.w.org\/{rel}","templated":true}]}}

<p><strong>Fasziendehnung von Kopf bis Fuß nach Liebscher und Bracht  </strong></p>



<p><br>Möchten Sie auch : <br>-mehr Beweglichkeit und Flexibilität?</p>



<p>-Verspannungen lösen ?-mehr Muskelkraft?</p>



<p>-Ihre Körperhaltung verbessern?</p>



<p>-einen strafferen Körper?</p>



<p>-Schmerzen vorbeugen, lindern oder loswerden ?</p>



<p>1 mal / Woche 1 &#8211; 1,5  Std Fasziendehnung von Kopf bis Fuß , Kräftigungsübungen und Faszienrollmassage nach Liebscher und Bracht </p>



<p>8 Termine zu 100 Euro in einem laufenden Kurs  (Zeiten bitte erfragen) in kleiner Gruppe</p>



<p>4 Termine im Einzeltraining (Termine nach Wunsch) 110 Euro</p>



<p>4 Termine im Paar/Freundetraining (Termine nach Wunsch) 79 Euro pro Person</p>

<p>Fasziendehnung von Kopf bis Fuß nach Liebscher und Bracht   Möchten Sie auch : -mehr Beweglichkeit und Flexibilität? -Verspannungen lösen ?-mehr Muskelkraft? -Ihre Körperhaltung verbessern? -einen strafferen Körper? -Schmerzen vorbeugen, lindern oder loswerden ? 1 mal / Woche 1 &#8211; 1,5 Std Fasziendehnung von Kopf bis Fuß , Kräftigungsübungen und Faszienrollmassage nach Liebscher und Bracht 8 Termine [&hellip;]</p>
