{"id":130,"date":"2021-01-11T10:01:09","date_gmt":"2021-01-11T10:01:09","guid":{"rendered":"https:\/\/naturheilpraxis-allensbach.de\/?page_id=130"},"modified":"2021-01-11T10:01:09","modified_gmt":"2021-01-11T10:01:09","slug":"entspannungstherapie","status":"publish","type":"page","link":"https:\/\/naturheilpraxis-allensbach.de\/?page_id=130","title":{"rendered":"Entspannungstherapie"},"content":{"rendered":"\n<p><\/p>\n\n\n\n<p>Entspannungstherapie \u00fcber die Energiezentren<\/p>\n\n\n\n<p>Der Patient liegt bequem und v\u00f6llig entspannt bei meditativer Musik auf der Behandlungsliege w\u00e4hrend der Behandler durch sanfte Ber\u00fchrungen die verschiedenen Energiezentren stimuliert. Dadurch und durch die tiefe Entspannung werden die Selbstheilungskr\u00e4fte des K\u00f6rpers angeregt und er kann neue Energie tanken .<\/p>\n","protected":false},"excerpt":{"rendered":"<p>Entspannungstherapie \u00fcber die Energiezentren Der Patient liegt bequem und v\u00f6llig entspannt bei meditativer Musik auf der Behandlungsliege w\u00e4hrend der Behandler durch sanfte Ber\u00fchrungen die verschiedenen Energiezentren stimuliert. Dadurch und durch die tiefe Entspannung werden die Selbstheilungskr\u00e4fte des K\u00f6rpers angeregt und er kann neue Energie tanken .<\/p>\n","protected":false},"author":1,"featured_media":0,"parent":0,"menu_order":0,"comment_status":"closed","ping_status":"closed","template":"","meta":[],"_links":{"self":[{"href":"https:\/\/naturheilpraxis-allensbach.de\/index.php?rest_route=\/wp\/v2\/pages\/130"}],"collection":[{"href":"https:\/\/naturheilpraxis-allensbach.de\/index.php?rest_route=\/wp\/v2\/pages"}],"about":[{"href":"https:\/\/naturheilpraxis-allensbach.de\/index.php?rest_route=\/wp\/v2\/types\/page"}],"author":[{"embeddable":true,"href":"https:\/\/naturheilpraxis-allensbach.de\/index.php?rest_route=\/wp\/v2\/users\/1"}],"replies":[{"embeddable":true,"href":"https:\/\/naturheilpraxis-allensbach.de\/index.php?rest_route=%2Fwp%2Fv2%2Fcomments&post=130"}],"version-history":[{"count":1,"href":"https:\/\/naturheilpraxis-allensbach.de\/index.php?rest_route=\/wp\/v2\/pages\/130\/revisions"}],"predecessor-version":[{"id":131,"href":"https:\/\/naturheilpraxis-allensbach.de\/index.php?rest_route=\/wp\/v2\/pages\/130\/revisions\/131"}],"wp:attachment":[{"href":"https:\/\/naturheilpraxis-allensbach.de\/index.php?rest_route=%2Fwp%2Fv2%2Fmedia&parent=130"}],"curies":[{"name":"wp","href":"https:\/\/api.w.org\/{rel}","templated":true}]}}